 -2001 + -3110111?
-3112112
In base 6, what is -11503 - 1040332?
-1052235
In base 10, what is -11908 - 1544?
-13452
In base 8, what is 230244 - -102?
230346
In base 16, what is -4 + -4d2278?
-4d227c
In base 12, what is -38710065 + 5?
-38710060
In base 3, what is -1221 + 10102122002?
10102120011
In base 7, what is -1 - -304603646?
304603645
In base 13, what is -9b99 - 145?
-a011
In base 2, what is 110101111010000 - 101110011011?
110000000110101
In base 13, what is 36229a - 4?
362296
In base 16, what is de9ddf8 - -3?
de9ddfb
In base 13, what is 8 + 1349b1?
1349b9
In base 12, what is -1991454 + -8?
-1991460
In base 12, what is 3 + -1451b403?
-1451b400
In base 12, what is a - 990a80?
-990a72
In base 10, what is -95334 + -156?
-95490
In base 4, what is -1030213003110 - 3?
-1030213003113
In base 12, what is -12a869b - 2?
-12a86a1
In base 9, what is -2172234 - -330?
-2171804
In base 3, what is -101020201 - -111212?
-100201212
In base 10, what is 300147 + -1?
300146
In base 13, what is -4348001 + 5?
-4347cc9
In base 9, what is 7602315 + 5?
7602321
In base 2, what is 1111 - -1111001111000001001001?
1111001111000001011000
In base 3, what is 100021202010121 + -10?
100021202010111
In base 4, what is -101033 - 3122002?
-3223101
In base 7, what is 4 + 350156235?
350156242
In base 15, what is 22bd96d - -2?
22bd970
In base 9, what is -11267828 - -15?
-11267813
In base 6, what is -34141425424 + -4?
-34141425432
In base 7, what is 3 - -116251516?
116251522
In base 2, what is -101011 + -111110010011111011100?
-111110010100000000111
In base 4, what is -2030302200 + -120?
-2030302320
In base 11, what is -48 - -2390236?
2390199
In base 4, what is -101 - -3003220113?
3003220012
In base 13, what is 5 - -17c05?
17c0a
In base 12, what is -56a79 - 2438?
-592b5
In base 16, what is 5 + 422c980?
422c985
In base 13, what is 4844a42 + 2?
4844a44
In base 2, what is -1 - 110001110011100111100101?
-110001110011100111100110
In base 16, what is 4d3b + 2?
4d3d
In base 10, what is -534 - -54314?
53780
In base 10, what is 189671639 - 3?
189671636
In base 2, what is 11111001101111001010100 - -1?
11111001101111001010101
In base 11, what is -64746065 - 6?
-64746070
In base 9, what is -2837 + 5737?
2800
In base 4, what is -33333111022101 - 11?
-33333111022112
In base 9, what is 54115 - 282?
53723
In base 3, what is -2112020212110101 - -11?
-2112020212110020
In base 16, what is 258183d + 0?
258183d
In base 8, what is -53 - 756470?
-756543
In base 11, what is -a47629 + -105?
-a47733
In base 9, what is 77 + 582233?
582321
In base 4, what is -10010100303302 - 2?
-10010100303310
In base 9, what is -404011867 + -1?
-404011868
In base 10, what is 179360902 + -3?
179360899
In base 9, what is -2823354 - -72?
-2823272
In base 8, what is 5246 + 277152?
304420
In base 4, what is -1 + -331332033110?
-331332033111
In base 9, what is -244382 - -21?
-244361
In base 15, what is 11e2a4d - -16?
11e2a64
In base 6, what is 50354013 + 111?
50354124
In base 7, what is 3364 - -10443123?
10446520
In base 15, what is 3 - -511217c?
5112180
In base 8, what is 22730 - 3560?
17150
In base 7, what is 2 + 252643323?
252643325
In base 5, what is 1040 - 2001212?
-2000122
In base 9, what is -523 - 33356?
-33880
In base 6, what is 21 + 1333103?
1333124
In base 10, what is -39572421 - 4?
-39572425
In base 13, what is 35b + -2412c6?
-240c68
In base 4, what is -1012331111 - -1010?
-1012330101
In base 9, what is 0 + 11781225?
11781225
In base 14, what is 357 - 405?
-8c
In base 2, what is -10000011100101 + -10011101000110101?
-10101101100011010
In base 7, what is 3 - -30566265?
30566301
In base 2, what is -10001111 + 1000010110011001001?
1000010110000111010
In base 7, what is -103126135 - -2?
-103126133
In base 10, what is -2 + 7619091?
7619089
In base 8, what is 133125470 + -1?
133125467
In base 3, what is -120022000121012 - 11?
-120022000121100
In base 15, what is -e + dd3ae?
dd3a0
In base 15, what is 524014 + 3b?
524050
In base 4, what is 11230132103 - -3?
11230132112
In base 2, what is -1 + -111010100100000110101?
-111010100100000110110
In base 15, what is -10b0ad4 + -9?
-10b0add
In base 13, what is 48 - -bb45?
bb90
In base 8, what is 376755 - 4?
376751
In base 12, what is -2302b2 - 41?
-230333
In base 7, what is 131423236 - -4?
131423243
In base 7, what is -10402006644 + -4?
-10402006651
In base 12, what is 52b9 - -540?
5839
In base 15, what is -13cc - -36a?
-1062
In base 7, what is 1 + 1043642341?
1043642342
In base 3, what is 22210 + 2211102120?
2211202100
In base 4, what is 333312230110 + -22?
333312230022
In base 7, what is 24 - 14113323?
-14113266
In base 6, what is 1343 + 33445445?
33451232
In base 12, what is 1a8 - a24b?
-a063
In base 7, what is -4613022 + 131?
-4612561
In base 4, what is 31033220323 + -3?
31033220320
In base 10, what is -2 + 3373001?
3372999
In base 13, what is 908839 - 14?
908825
In base 12, what is 1563178 + -11?
1563167
In base 5, what is -224232312240 - -4?
-224232312231
In base 12, what is -806534 - 1?
-806535
In base 15, what is -3454070 - 18?
-3454088
In base 6, what is -1312353305 - 3?
-1312353312
In base 5, what is 404300014214 - -2?
404300014221
In base 9, what is -28664 + 185?
-28468
In base 5, what is -10 + 1433341030?
1433341020
In base 13, what is 2 + 84ca83?
84ca85
In base 6, what is 1315410 - 2034?
1313332
In base 9, what is 1438630 - -2?
1438632
In base 11, what is 840 + 10141?
10981
In base 11, what is -11149570 + 5?
-11149566
In base 11, what is -206464 + -60?
-206514
In base 14, what is 21881 + -d?
21872
In base 6, what is 30450505 + 1004?
30451513
In base 6, what is -5 - 4325530453?
-4325530502
In base 3, what is -100201000100111201 + 10?
-100201000100111121
In base 9, what is -1443 + 667525?
666072
In base 10, what is 74421 + 82?
74503
In base 10, what is 307 + 1048709?
1049016
In base 6, what is -41105215 - -1?
-41105214
In base 11, what is 8539 + -75?
8474
In base 6, what is 443141 - 333030?
110111
In base 4, what is 1 + -101331001011?
-101331001010
In base 6, what is -10543233 + -530?
-10544203
In base 5, what is -331104142 + 20?
-331104122
In base 7, what is -161564 + 151?
-161413
In base 13, what is aa940a7 + 6?
aa940b0
In base 9, what is -10087654 - 4?
-10087658
In base 5, what is 11402 + -231142303?
-231130401
In base 3, what is -1002102110 - -1021000?
-1001011110
In base 9, what is 1361 + -70564?
-68203
In base 8, what is -11313517 + -5?
-11313524
In base 7, what is 211463041 + -4?
211463034
In base 5, what is -230 + 331004?
330224
In base 15, what is -36 + -8827?
-885d
In base 6, what is -153403 - -1541?
-151422
In base 13, what is 18bb9291 - -2?
18bb9293
In base 15, what is -4b3 - -32a13?
32550
In base 7, what is -252405451 + 2?
-252405446
In base 2, what is -1011010011101110111110011 - 1?
-1011010011101110111110100
In base 13, what is 20951 + -44?
2090a
In base 2, what is 1 + -100000011101001110110?
-100000011101001110101
In base 16, what is 17 - 312da7?
-312d90
In base 12, what is -149328141 + 5?
-149328138
In base 2, what is 1011111 - -11011100111100011?
11011101001000010
In base 13, what is 102a8 - 20b?
1009a
In base 3, what is 1001020120210 - 1021?
1001020112112
In base 16, what is 86 + 1d2a7?
1d32d
In base 8, what is -535620 + 2116?
-533502
In base 11, what is 1331a0 + 37?
133227
In base 7, what is 5030456235 + -2?
5030456233
In base 10, what is 5 - 1960981?
-1960976
In base 9, what is -2 + -13100244?
-13100246
In base 11, what is -a1a3 - 5814?
-14a07
In base 10, what is -2 - 126718572?
-126718574
In base 16, what is -6 + -284bfa?
-284c00
In base 9, what is -7 + -7176260?
-7176267
In base 2, what is -1001000100000000 + -11001001?
-1001000111001001
In base 14, what is 93d + -26ac?
-1b6d
In base 12, what is -375 - -12887a?
128505
In base 14, what is -5c1 - 1a986?
-1b167
In base 4, what is -1033212 - 10333101?
-12032313
In base 16, what is -1 - -cd7339?
cd7338
In base 7, what is 1314635 + 10?
1314645
In base 3, what is 2212022121000110 + 0?
2212022121000110
In base 5, what is -301023023 + -11344?
-301034422
In base 12, what is -885 + -17bb?
-2484
In base 14, what is 468 - -13c07?
14271
In base 5, what is -10 - 14002240302?
-14002240312
In base 12, what is 37953 - 9a8?
36b67
In base 12, what is 2b0844 + 24?
2b0868
In base 15, what is -d + -b25ca?
-b25d8
In ba